 Give t(w).
2
Suppose -3 = -3*n + b, 5*b - 5 = 3*n + 4. Let z(t) = -32*t**2 + 15*t**n + 18*t**2 + 1 + 2*t. Give z(-3).
4
Let l(k) be the second derivative of -k**7/840 - k**6/360 - 17*k**3/6 - 8*k. Let m(q) be the second derivative of l(q). Calculate m(-1).
0
Let h(w) = 11*w**3 + 2*w**2 - 2*w - w**3 + 0*w**3 + 0*w**2 - 3*w**2. Calculate h(2).
72
Let a(k) = 711707*k**3 - 6 - 711708*k**3 - 7*k - k**2 + 2*k. Give a(-2).
8
Let w(d) be the first derivative of d**3/3 - 7*d**2 - 28*d + 52. Give w(16).
4
Let a(t) = 3*t**3 - t**2. Let s(m) be the third derivative of -m**4/24 + 7*m**3/2 + 18*m**2. Let g be s(20). Give a(g).
2
Let i(r) be the first derivative of -r**4/4 - 10*r**3/3 - 5*r**2/2 + 7*r + 436. Determine i(-9).
-29
Let h(t) = -194 - 7*t + 102 - 8*t + 2*t. Give h(-7).
-1
Let u(b) be the first derivative of -10 - 1/4*b**4 - b - 1/3*b**3 - b**2. Calculate u(-1).
1
Suppose -34 = -3*k + 44. Suppose -5*u - 41 = -k. Let s(f) = -f**3 - 2*f**2 + 4*f + 4. What is s(u)?
1
Let j(o) = -3*o - 1 + 4*o - 2 - o**3 + 2 + 2. Suppose -9 - 1 = 5*u. Calculate j(u).
7
Let w(a) = 2*a - 4. Let t be 368/(-920) + (2/5)/1. Calculate w(t).
-4
Let n(v) = -v**2 - 7*v + 12. Let x = 126 - 135. What is n(x)?
-6
Let n(d) be the third derivative of -d**5/60 + 7*d**4/24 - 2*d**3/3 + 96*d**2 - d. What is n(7)?
-4
Let v = -148 - -151. Let j(a) = -a**2 + 4*a - 1. Calculate j(v).
2
Let w(m) = -m**2 - 6*m + 7. Let n = -40 - -44. Suppose 2*z - n = b, b + 0*b = z - 5. What is w(b)?
7
Let f(l) = -2*l**2 + 17*l - 24. Let q be f(7). Let d(m) = -2*m**3 - 2*m**2 + 4*m + 1. Determine d(q).
25
Let b(z) = z**3 - 3*z**2 - 6*z + 3. Suppose 3*j + 37*t - 33*t - 32 = 0, 3*j + 3*t = 27. Give b(j).
-5
Let w(g) = -2*g**2 - 2*g - 8 + 4*g**2 - 10817*g**3 + 10816*g**3. Give w(0).
-8
Let d(f) = f**2 - 4*f. Let i be (-33)/(-9) + (-7)/(-168)*8. Give d(i).
0
Let u(s) = -s**3 - 5*s**2 + 7*s + 6. Let b(g) = 4*g + 11. Let k be b(11). Let q = 49 - k. Determine u(q).
0
Let t(m) be the second derivative of m**3/6 - m**2/2 + 47*m. Calculate t(-4).
-5
Suppose 0 = -15*l + 16*l - 56. Let m be ((-4)/(-6))/(l/420). Let b(r) = r**3 - 3*r**2 - 8*r + 3. Determine b(m).
13
Let q(k) = 2*k**2 - k. Let l be q(-1). Let d be (-1 + 0)/(l/15 + 0). Let m(c) = -5*c - 5. Give m(d).
20
Suppose 5*i - 8 = -s + i, 0 = 3*s + 3*i - 15. Suppose 0 + 4 = 2*r - 5*q, -8 = -s*r - 5*q. Let f(d) = 6 - 4 - 5*d - d**r - 6. Determine f(-3).
2
Let u(r) = 5*r - 9. Let z(f) = f - 2. Let h(s) = u(s) - 4*z(s). Let j(a) = -a**2 - a. Let p be j(-1). Calculate h(p).
-1
Let m = -62 - -56. Let n(w) = -4*w + 18. Let c(d) = 5*d - 20. Let g(o) = m*n(o) - 5*c(o). Give g(0).
-8
Let q(t) = -6*t**2 + 7*t - 1. Let f(w) = 7*w**2 - 7*w. Let z(x) = 5*f(x) + 6*q(x). Determine z(4).
6
Let t(d) be the third derivative of -d**6/120 - d**5/10 - d**4/12 - 3*d**3/2 + d**2. Suppose -15 = 2*l - p, 50*l + 2*p - 12 = 51*l. Give t(l).
3
Let a(r) = 4 + 13*r - 38*r + 10*r + 11*r + 7*r. Determine a(2).
10
Let q(s) = 0*s**2 - s**2 - 5 - 3430*s + 3423*s. Let g be 8*(-2 - 3/(-2)). Calculate q(g).
7
Let r be (-4)/(-6) + (-238)/(-21). Suppose 10*a = r*a. Let y(n) = n**3 + n**2 - n + 5. Determine y(a).
5
Let p(b) = -b**3 + 6*b**2 + 16*b - 2. Let j be p(8). Let u(v) be the third derivative of -v**4/24 + v**3/3 + v**2. Calculate u(j).
4
Let p(o) = -o**3 + 2*o + 3*o**2 + 0*o**3 - 1 + 3. Let b(a) = 80 + a**3 - 3*a - 163 + 77 - 4*a**2. Let h be b(5). What is p(h)?
-6
Let t = 130 + -116. Let j(b) = -b**3 + 13*b**2 + 15*b - 10. Give j(t).
4
Let d(n) = -9*n + 26 - 21 - 7*n - 4. Calculate d(-1).
17
Let t(y) = 3*y**2 + 3*y + 13. Let p(r) = r**2 + r + 3. Let z(k) = -4*p(k) + t(k). Suppose -9*s = -14*s - 10. Calculate z(s).
-1
Let h(z) = -5*z**2 - 30 + 0 + 29. Calculate h(1).
-6
Suppose 3*k = 12 + 15. Suppose -7 - k = -4*c. Let b(q) = -3*q**2 + 3. Let j(s) = -4*s**2 + s + 3. Let t(n) = 5*b(n) - 4*j(n). What is t(c)?
3
Let h(r) be the third derivative of -r**5/20 - r**4/8 - r**3/3 - 11*r**2. What is h(-2)?
-8
Let s(k) be the first derivative of k**4/4 + 5*k**3/3 - 5*k**2 - 8*k - 207. Calculate s(-6).
16
Let w(m) = m**3 - 6*m**2 + 7*m - 7. Let a be w(6). Let r(g) = -62 + 5*g + a + 36 - g**2. Suppose -4*q = 5*p - 28, 0*q + q - 5*p - 7 = 0. Determine r(q).
-5
Suppose -2*n = -8*n - 30. Let l = 10 - 8. Let o(w) = w + 0*w**l - 5*w**2 - 3 + 5 - w**3. Give o(n).
-3
Let w be 46 + -49 + 3/((-3)/2). Let l(u) = -u**2 - 6*u - u**2 + u**2. Determine l(w).
5
Let j(c) = 81 + 10*c - 4*c**3 - 159 - 11*c + 80. What is j(1)?
-3
Suppose 1 = 5*l - 19. Let i(f) = -f**3 + 3*f**2 + 6*f - 6. Let h be i(l). Let g(w) = 2*w - 2. Determine g(h).
2
Let w(f) = -5*f - 1. Let j(z) = -4*z. Let d(q) = 3*j(q) - 2*w(q). Suppose -58 = -20*g + 2. Determine d(g).
-4
Let w(c) = 284 + 8*c - 280 - 13*c - 8*c - 3*c. Calculate w(3).
-44
Let h(f) = -11*f**2 - 6*f + 4. Let v(u) = 9*u**2 + 6*u - 3. Let w(m) = -5*h(m) - 6*v(m). Let j(q) = -q + 9. Let o be j(9). Let y be 4 + o + 1 + 1. Give w(y).
-2
Let u(z) = -11*z + 2. Let o be 4/(-38) - 289/323. Determine u(o).
13
Let j(b) = 8*b - 1. Let w be (6/18)/(1/9). Let i be -3*((-16)/(-6) - w). Give j(i).
7
Let r be -17 + (-5)/(15/(-9)). Let l = r + 18. Let n(g) = -l*g - 1 + 2*g - 6*g + 3*g. Calculate n(-1).
4
Let h(m) = -m**3 - m**2 + m + 5. Suppose 0 = -5*i + 4*i + 50. Let s = i - 50. Calculate h(s).
5
Let n(a) = -3*a - 1. Let l(q) = -18*q - 3. Let x(d) = l(d) - 4*n(d). Determine x(2).
-11
Let p(z) be the third derivative of -z**4/12 + z**3/2 + 12*z**2. Suppose 315 - 295 = 4*q. Calculate p(q).
-7
Let v(d) = 1 + 1 - 7 + d**3 + 4*d**2 + 3*d + 8. Let f be (-4)/12 + (-38)/3. Let y = f + 10. Give v(y).
3
Let h = -103 - -103. Let z(y) = -y + 13. What is z(h)?
13
Let q(d) = 5 + 6 + 11 + 4*d - 2*d. Give q(-10).
2
Let y(n) = n**2 - 8*n. Let a(w) = w**2 - 8*w + 1. Let h(f) = 3*a(f) - 4*y(f). What is h(8)?
3
Let z be (-30)/(-45) + (-28)/(-3). Let i be -7*2*z/(-20). Let m(r) = -r**2 - 3*r - 2. Let k(v) = -4*v**2 - 8*v - 7. Let l(f) = i*m(f) - 2*k(f). Calculate l(3).
-6
Suppose v - 2*p = -14, p = 20 - 15. Let z(o) = -o**3 - 4*o**2 - 4. What is z(v)?
-4
Let n(w) = -w**2. Let p(c) = 5*c**2 - 5*c + 13. Let x(f) = -6*n(f) - p(f). Give x(-7).
1
Let t(g) = -2*g + 34. Let l(n) = -n + 16. Let w(k) = 13*l(k) - 6*t(k). Calculate w(-5).
9
Let u(w) = -2 - w**3 - 4*w**2 - 22*w + 20*w - 5. Let g(t) = -3*t**3 - 8*t**2 - 3*t - 15. Let v(c) = -2*g(c) + 5*u(c). What is v(4)?
-21
Let t(m) be the third derivative of m**6/15 - m**5/60 + m**3/6 + 49*m**2 + 3*m. Determine t(-1).
-8
Suppose 12*d - 18*d + 30 = 0. Let g(v) = 3*v - 5. What is g(d)?
10
Let r(f) be the first derivative of f**4/4 + 8*f**3/3 - 7*f**2/2 + 11*f + 258. What is r(-9)?
-7
Let y(k) be the first derivative of k**4/4 + 4*k**3 + 2*k - 289. Give y(-12).
2
Let o(a) = 78*a + 473. Let u be o(-6). Let t(y) = y - 11. Give t(u).
-6
Let j = 5 - 3. Let y(i) = -i - 1. Let r(m) = -6*m - 4. Let w(l) = -l + 7. Let c be w(5). Let b(z) = c*r(z) - 10*y(z). What is b(j)?
-2
Let s(n) = n**2 - 13*n + 16. Let p be s(12). Let f(l) = 3 - l + 2*l - 2*l - l**2 - p*l. What is f(-6)?
-3
Let h be 6*((-23)/6 - (5 + -8)). Let f(y) = -y**3 - 5*y**2 + 11. Calculate f(h).
11
Let d be ((-9)/(-6))/(0 - 11/22). Let n(g) = g**3 + 2*g**2 + g - 1. What is n(d)?
-13
Let m(u) = -2*u - 6. Suppose 3*y - 16 = 4*y - 5*h, 0 = 5*y + 3*h - 60. Suppose 0 = 3*j + y, 0*f - f = 4*j + 17. Give m(f).
4
Let v(z) = -5*z + 9. Let i(n) = 3*n - 6. Let d(g) = -8*i(g) - 5*v(g). Let h(q) = 1. Let r(a) = d(a) - 2*h(a). Give r(-2).
-1
Let r(g) = 15 - 4 + 9*g - 17*g**2 + 18*g**2 + 6. Determine r(-5).
-3
Suppose 7 = 2*p + x, 3*p - 15 = x - 4*x. Suppose -j + 3 = -p. Let o(l) = 9 + l - j - 6. Calculate o(6).
4
Let a(z) = -z**2 - 41*z - 177. Let k be a(-5). Let i(f) = -f**2 - 2*f + 9. Give i(k).
-6
Let g(k) = -2*k + 64 + 0*k - 4*k - k - 60. Give g(2).
-10
Suppose 0 = 2*g - r - 7, -2*g + 0*g + 5*r = -19. Let d be -3 - (-14*1 + 4). Suppose -g*s = d + 3. Let t(f) = -f**2 - 7*f - 7. What is t(s)?
3
Suppose 3*n = -0*n + 9. Let x(i) = 2*i**2 + i**2 + 1 - n*i + 2 + i**2. What is x(2)?
13
Let z(a) = a**3 - 4*a**2. Suppose 2*c = 7*c - 105. Suppose c*j = 19*j + 4. Give z(j).
-8
Suppose 2*p + 5*y = 28, 4*p - 14 = 2*y - 6. Let q(h) = h**3 - 4*h**2 - h + 5. Determine q(p).
1
Let x(u) = u**2 + 8*u + 2. Let l(s) = -18*s - s - 8 + 5*s - 13*s**2 + s**3. Le